Calculate 12 + -3 + -5 - (-1 - 1).
6
-15 - (-2 - 16) - (4 + 0)
-1
What is -7 - -2 - (2 - 7)?
0
What is -3 - (3 + (-3 - 6 - -6))?
-3
(-7 - -6) + 4 + 2
5
Evaluate -6 - -15 - ((4 - -1) + -1).
5
(-4 - -2) + (3 + -2 - -8)
7
What is 7 - (2 + -10 + (5 - -2))?
8
Calculate 5 + 2 + 5 + 1 + -7.
6
What is 7 + -1 + 2 - 6 - 7?
-5
(-6 - -1 - -8) + -6
-3
-4 + 1 + (-3 - -2)
-4
0 - ((-11 - -2) + 6)
3
What is the value of -7 + 6 + -1 + -4?
-6
-2 - 1 - (0 - -2)
-5
(1 - 0 - -5) + (153 - 154)
5
What is the value of (2 - 2 - 10) + -19 + 28?
-1
Evaluate 0 + -7 - -3 - -5.
1
-7 + 3 - (-2 - -2)
-4
What is the value of -6 + 1 + 10 - (2 - 1)?
4
0 - (3 - (-2 + (13 - 4)))
4
What is the value of 12 - (14 + -4 + (-7 - -2))?
7
What is the value of (-12 + 12 - (-2 - -6)) + -3?
-7
Evaluate (-3 - (4 + -4)) + 5 - -5.
7
What is the value of (-1 - 3) + 8 - (16 + -11)?
-1
What is the value of 2 + 5 + -9 + (8 - 3)?
3
Calculate (-11 - (-26 - -8)) + -4 + -1.
2
What is (-1 - (-4 + 1)) + -3?
-1
What is the value of 1 + -2 + (2 - -2)?
3
What is 12 + -5 + (6 - 10) - -6?
9
What is 5 + 1 + -12 + -14 + 23?
3
Calculate 16 + -17 - (-8 - -2).
5
5 + 4 + -1 + -5
3
What is -5 + 2 + 8 - (8 - 3)?
0
19 + 4 + -14 + -9
0
Evaluate 7 + -2 + (-1 - 1) - 6.
-3
What is (4 - 5) + (-2 - 3)?
-6
What is (7 - 0 - 6) + -5 + 1?
-3
11 - (20 - -12 - 13)
-8
What is (7 + -3 - 5) + -4?
-5
What is (2 + 4 - 4) + -3?
-1
What is the value of 0 + 3 + -1 - -5 - 4?
3
Calculate (-2 + 2 - (-3 + 0)) + -3.
0
Evaluate -8 + (4 - 2) - -4.
-2
Evaluate -9 + (4 - (-1 + -2)).
-2
What is -2 - (18 + -14 - (1 - 0))?
-5
What is 1 + -2 - (9 - 11)?
1
What is the value of (1 - 3) + 5 + (-1 - -2)?
4
What is 5 + -5 + (1 - 2)?
-1
Calculate -6 + 13 + -5 + -1.
1
Evaluate -4 + 2 + (5 - 6).
-3
30 + -28 - (2 + 0)
0
0 - (3 + -3 - (-2 + 2))
0
What is 2 + (9 - 10) + -10?
-9
-4 + 3 - (-3 - 1)
3
Evaluate (7 + -7 - 10) + 13.
3
What is the value of 9 + (3 - 4 - 4)?
4
What is 5 + 0 - 4 - (5 - 5)?
1
What is (2 - 8) + 6 + 4 + 3?
7
Calculate (6 - (-1 + 13)) + 2.
-4
Calculate (-5 - (-2 + -9)) + -4 - 8.
-6
Evaluate -1 - (2 - (4 - 1)).
0
What is the value of (0 - 2 - (-5 + 10)) + 5?
-2
Evaluate -6 - (-8 - -5) - (6 - 14).
5
Evaluate 7 + 0 + -14 - -9.
2
What is 5 + 6 + 5 + -5 + -5?
6
-3 + 11 - (6 + -1)
3
Calculate 0 + (16 - 18 - (-1 - 3)).
2
What is the value of 6 + -4 + -5 + 0?
-3
What is the value of -23 + 16 - (4 - 16)?
5
What is the value of -1 - -3 - (0 + 2 - -2)?
-2
Evaluate -15 + 6 - (0 + -4).
-5
Calculate -3 + 9 + (-9 - -5) - 4.
-2
Evaluate 1 + 1 + (3 - -2) + -7.
0
Calculate 9 + -1 + -12 - -7.
3
Calculate 7 - 7 - (2 + -2).
0
-1 + -4 + (-30 - -33)
-2
What is -2 + -1 - (-1 + (-4 - -5))?
-3
What is the value of (-3 + 5 - 0) + -5?
-3
What is the value of 1 + 6 + 0 + -2 + 0?
5
Evaluate -1 - (-1 + 0) - (19 - 16).
-3
(-2 - -1) + (10 - 12) - -8
5
What is (-5 - (-3 - -2)) + 2 + -3?
-5
-2 + (-7 - -11) - -3
5
9 + -12 - (0 - (1 - 2))
-4
Evaluate -26 - -27 - (-1 + 1).
1
Evaluate (-5 + 3 - (3 - 3)) + 2.
0
Evaluate 1 - 7 - (-1 + 3 + -15).
7
Evaluate -4 + -5 + 0 + 3 - -5.
-1
What is 7 - (12 + -6 + -2)?
3
1 + 0 - -4 - (106 + -101)
0
Evaluate -10 - (-12 + 11 - 2).
-7
Evaluate -1 + 2 + 2 - (63 + -60).
0
What is the value of -3 - -7 - 0 - 7?
-3
What is the value of -10 - (1 - 3 - 12)?
4
-9 - (2 + -7 + -3 + 7)
-8
What is -4 + (-2 - -10) + 0 + -4?
0
-3 + 6 + (3 - 1)
5
What is 0 + (2 - (3 - 1)) - 2?
-2
What is the value of 9 - (-3 + -1 + -1 + 11)?
3
Calculate -4 + (1 - 2) - -7.
2
2 + (-68 - -70 - (0 + 3))
1
Calculate 3 - (-3 - (-1 - 4)).
1
What is the value of 0 + 3 + -6 - (1 - -2)?
-6
What is 10 + -1 + (-105 - -105)?
9
Evaluate 28 - 28 - (-1 + (0 - 0)).
1
What is the value of 1 + -3 - (-2 - 1) - 1?
0
What is (1 - 6 - (-67 - -71)) + 1?
-8
Evaluate 0 - -2 - (8 + -1 + -2).
-3
-6 - (1 - (12 + -4 - 4))
-3
What is 6 - 6 - (1 + -6)?
5
Evaluate -4 + -4 + 4 + 1 + -2.
-5
What is 0 - (2 - (0 - -2))?
0
Calculate 10 + -2 + 0 + -15.
-7
-1 + 5 + (-6 + 1 - -6)
5
Evaluate 8 - ((-6 - -7) + -4 + 3).
8
What is the value of 7 + -3 + (2 - (-8 + 14))?
0
What is -9 - (-16 + 2 + 5)?
0
Calculate 4 - (0 + 4) - -2.
2
14 + -16 - (-2 - 5)
5
Evaluate 1 + (3 - 11 - -3).
-4
What is the value of (-4 - -6) + (-5 - -7)?
4
(-6 - 0) + (4 + 3 - -6)
7
What is -97 + 83 - (-1 - 16)?
3
Evaluate 6 - 10 - -1 - (-1 - -1).
-3
Evaluate -1 + 5 + 1 + 6 + -7.
4
What is the value of -5 - (6 - 17 - -3) - 11?
-8
2 + -1 - (3 + -6 + 0)
4
2 + -5 + 3 - -3
3
Calculate -7 + 9 + (-3 - -2 - 3).
-2
What is 12 + (2 - 14) - (5 + 0)?
-5
Calculate 0 + 0 + -7 + -3 + 5.
-5
What is the value of 3 + -2 + (39 - 42) - -8?
6
Calculate 2 + -8 + 0 + 6.
0
What is the value of 43 - 38 - (13 + -2)?
-6
What is the value of (-12 - (-16 - -5 - -5)) + -5?
-11
(-6 - (0 - 5)) + -3 + 7
3
6 + -8 + (0 - 4 - 1)
-7
3 - (-8 + (5 - (0 + 0)))
6
Evaluate (9 + -5 - 5) + -1.
-2
Calculate (-13 - -20) + (3 - 6 - -3).
7
Calculate -23 + 16 + 0 + 2.
-5
Calculate 2 - (-6 + 3) - (-2 + 0).
7
Evaluate -1 + (-3 - -3) + -2.
-3
Calculate -3 + 10 + -10 - 1.
-4
What is 7 - (11 + 1) - -14?
9
What is the value of -14 + (5 - -7) - (0 + -1)?
-1
What is the value of -10 + -1 + 8 - -9?
6
(3 - (1 + -2)) + -2
2
Calculate 1 + -1 + (-3 - -7) - 2.
2
What is the value of (-1 - 2) + 9 - 9?
-3
Calculate (-1 - -3) + (9 - (3 - -7)).
1
Calculate 8 + 0 - 11 - (0 + 4).
-7
Evaluate (0 - 1) + 32 + -34.
-3
Calculate 4 + -3 + (2 - 3) + -4.
-4
-1 + 2 + (-6 - (-20 - -9))
6
-5 + (7 - 13) + 20
9
What is -4 - -3 - -2 - 4?
-3
What is the value of -1 + 4 + -1 + -6 + 1?
-3
Evaluate 18 - 9 - (1 - -4).
4
Evaluate -47 + 47 + (1 - -10) - 7.
4
Evaluate -2 + 5 + -1 + 1.
3
(-8 - (1 - 4)) + -12 + 8
-9
Evaluate -5 + (4 - 3) + 7.
3
What is the value of -8 - (-1 - (1 + 0))?
-6
-3 + (-2 - (-6 + 6))
-5
What is the value of 1 - 2 - (4 + -4 + 0)?
-1
What is (1 - 0) + 5 + -7 - -1?
0
What is 5 - ((-1 - -4) + (1 - 2))?
3
Calculate -1 + (7 - 3) - 8.
-5
Calculate (176 - 163) + (-3 - (0 + 1)).
9
Calculate 2 - -4 - (-2 - -8).
0
Calculate 0 - -2 - (-11 + 8).
5
What is 4 - -1 - (-27 + 26)?
6
What is (2 - (-7 + 5)) + -3 + 1?
2
What is 6 + (3 - 9) - (-1 - -6)?
-5
Calculate -11 - -17 - ((-2 - -2) + 0).
6
What is the value of (-5 - -9 - 2) + 0 + -7?
-5
What is the value of -7 + 2 - (9 - 18)?
4
Calculate 5 + 1 + (1 - (1 - -4)).
2
Calculate 4 - (2 + -1 + (0 - 1)).
4
Calculate (8 - 1) + -6 + 10 + -10.
1
What is 3 - ((2 - 1) + 4)?
-2
(-8 - -1 - -4) + 4 + 5
6
Calculate -2 + -1 - (-2 + -6).
5
Evaluate 7 + (2 - 6 - 1) + -11.
-9
2 + 2 - (13 - 8)
-1
What is (-3 - -8) + -3 + 10 + -18?
-6
Calculate 6 + (-4 - -2) + -8 + 2.
-2
Evaluate -3 + -12 + 5 - -6 - 3.
-7
What is the value of (-3 - -2) + -1 + -2 + 0?
-4
What is the value of 0 + -3 + 2 + 0 + 0?
-1
Calculate -3 + (-1 - ((-3 - -5) + -4)).
-2
3 - 2 - (-15 + 19)
-3
(-3 - (-5 + 3)) + -9 + 7
-3
7 + (-1 + -1 - 0 - 0)
5
What is the value of (6 - (3 + -1)) + -4?
0
What is -1 - ((-4 - -6) + -3 + 2)?
-2
Evaluate (10 - 0) + (-56 - -51).
5
2 + 8 + (-13 - -1)
-2
What is the value of -6 + 2 + 13 + -6?
3
What is -11 + (2 - (2 - 11))?
0
What is (0 - 11) + 11 + 0?
0
Calculate -6 + 0 + -4 + 6.
-4
Evaluate (-6 + 5 - -3) + (1 - 2).
1
What is 1 + -9 - (-18 + 11 + 1)?
-2
Evaluate -1 + 6 - (-3 - -7).
1
What is (110 - 115) + (2 - (4 - 1))?
-6
Calculate 0 + -3 - (-4 - -5).
-4
What is the value of 2 - (-1 - -5) - 0?
-2
1 + 0 - (-5 + 1)
5
What is the value of 2 + 5 + (-93 - -77)?
-9
Evaluate -7 - (-7 + (-2 - 3 - -9)).
-4
What is 1 - (1 + 5 + -5 + 6)?
-6
6 - 8 - (-1 - -3 - 6)
2
(-11 - -20) + -7 + (-6 - -1)
-3
What is 1 - (1 + (-3 - -4) - 4)?
3
What is the value of 3 - (12 + -6) - -8?
5
11 + -1 + (11 - (7 + 8))
6
What is the value of 5 - 0 - 3 - (0 + -2)?
4
Evaluate 26 + -11 + -9 + (-1 - 3).
2
What is the value of -3 + 3 + 0 + 1 + -8?
-7
Calculate 2 + -5 - (1 - 3 - -3).
-4
Calculate (1 - 5) + (-9 + 8 - -10).
5
Calculate -6 - (5 + -10) - (-11 + 0).
10
-5 + 5 + 2 + (-2 - 1)
-1
Calculate -109 + 103 - (2 - 2 - 5).
-1
What is the value of -40 - -33 - (-12 + 1)?
4
Evaluate (-9 - -19 - (2 - 0)) + -4.
4
What is the value of (-9 - -11) + (2 - 1) + -12?
-9
What is the value of -4 + 4 + -7 + 3?
-4
What is (-7 - (3 - 3)) + 2?
-5
What is the value of 1 - 10 - (-13 - -5)?
-1
Calculate (-2 - 8) + 4 + 1.
-5
What is the value of -5 - (-4 - 0 - 3)?
2
Calculate (6 - 3) + (-1 - 2) - -4.
4
Evaluate -2 + -4 - (-5 - (-7 - -3)).
-5
What is (-4 - (2 - 7)) 